2 - 2*c + 1. Let z be v(u). Let b(q) = 3*q**2 + 2*q - 2. Determine b(z).
6
Let t(b) be the third derivative of b**4/8 + b**3/6 - b**2. Let n = 31 - 33. Determine t(n).
-5
Let n(z) = -4*z**3 + 4*z**2 - 2*z + 13. Let l(w) = -5*w**3 + 4*w**2 - 2*w + 15. Let q(o) = 3*l(o) - 4*n(o). What is q(5)?
28
Let h(j) = 2*j - 6 + 1 + 2*j - 2. Let d(z) = 21*z - 36. Suppose -2*f - 36 = 4*g, 5*g - 3*f + 86 = 19. Let k(q) = g*h(q) + 2*d(q). What is k(5)?
-5
Let q(d) = -7*d - 3. Let z(g) = -3. Let a(y) = -1. Let w(f) = 8*a(f) - 3*z(f). Let r(k) = -q(k) - 2*w(k). Give r(-1).
-6
Let w(b) be the third derivative of -b**4/8 - 2*b**2. Let q(r) = r**3 + 6*r**2 + 3*r - 7. Let o be q(-5). Calculate w(o).
-9
Let w(g) = 2*g**2 + 5*g - 1. Let s(h) = h**2 - h. Let l(v) = -5*s(v) - w(v). Give l(-1).
-6
Suppose 0 = 12*s + s - 13. Let i(n) = -11*n**3. Determine i(s).
-11
Let s(n) be the third derivative of n**7/840 - n**6/72 + n**5/60 + n**4/6 - n**3/3 - 4*n**2. Let t(r) be the first derivative of s(r). What is t(4)?
-4
Let f(k) = -k**3 + 4*k**2 + 6*k - 1. Suppose 0 = 2*s - 0*s - 10. What is f(s)?
4
Let b(i) = -1 - 3 - 341*i + 340*i. Determine b(-8).
4
Let i(q) = q**2 - 7*q + 1. Let s(w) = -5*w**2 + 29*w - 3. Let o(f) = -9*i(f) - 2*s(f). Suppose n + 11 = -2*u + 2*n, 3*n = 9. What is o(u)?
-7
Let u(z) = 8*z. Let n(y) = -17*y - 1. Let c(f) = 6*n(f) + 13*u(f). What is c(6)?
6
Let h = -14 + 20. Suppose h = 6*a - 3*a. Suppose -z = -4*x - 3, -2*z - 7 = 3*x + a*x. Let o(i) = -i**3 - 1. Determine o(x).
0
Suppose 0 = y - 2*y + 5. Let q be ((-2)/6)/(y/15). Let m(f) = -f + 1. Let n(i) = 6*i - 3. Let c(l) = q*n(l) - 5*m(l). What is c(3)?
-5
Suppose s = -3*s + 20, 3*y + 2*s - 10 = 0. Let w(a) = a**2 + a + 3. Calculate w(y).
3
Let w = 19 - 14. Suppose w*m + 3*v = -6, -5*m + 3*v + v - 27 = 0. Let x(l) = -1 + l + 2 - 4. Give x(m).
-6
Let l(i) be the first derivative of 3*i**2 + 4*i + 1/3*i**3 + 1. Suppose 0*d - 3*d = 12. Calculate l(d).
-4
Let l(i) = 2*i - 2*i**2 + 9 + 9*i**2 + 4*i**3 - 3*i**3 + 0*i. Give l(-7).
-5
Let w(q) be the second derivative of 0 - 1/3*q**3 + 1/2*q**2 + 1/12*q**4 - 2*q. Calculate w(1).
0
Let s be ((-1)/(-3))/(2/(-30)). Let p(h) = -h**2 - 5*h - 2. Determine p(s).
-2
Let i(t) = t**2 - 26*t**3 + 44*t**3 + t + 13*t**3. What is i(-1)?
-31
Let d(n) = -3*n**2 - 7*n - 2. Let g(m) be the second derivative of -2*m**4/3 - 7*m**3/2 - 3*m**2 + 6*m. Let z(l) = -11*d(l) + 4*g(l). What is z(5)?
-12
Suppose 0 = -3*c - 3*w + w + 18, 3*w = 3*c - 18. Let r = 8 - c. Let l(s) = -11*s**3 - s**r + 10*s**3 + 3*s - 1 - 1. What is l(2)?
-8
Let n(k) = 2*k**2 - 2. Let d(o) = 3*o**3 + o**2 - 2. Let q be d(1). Calculate n(q).
6
Let c(o) = 2*o - 4. Let s(l) = 3*l - 6. Let k(w) = 8*c(w) - 5*s(w). Suppose -2*t - t = -21. Let y = t - 4. What is k(y)?
1
Let l(b) = b - 1. Let x(s) = -7*s + 8. Let c(d) = -4*l(d) - x(d). Suppose 0*p - 2*u = -2*p - 2, 4*u = -p + 19. What is c(p)?
5
Let j(g) = g - 5. Let w be (2/(-6))/((-1)/69). Suppose w + 9 = 4*l. Let t = l + -3. Determine j(t).
0
Let b = -21 - -19. Let z(t) = t**2 - 2*t - 2. Calculate z(b).
6
Let i be (4 - 6)*(-2 + 0). Let u(a) be the third derivative of 0*a - 2/3*a**3 - a**2 + 0 - 1/6*a**i. Give u(-4).
12
Let x(g) = -5*g**3 + g**2 - g. Let u(r) = -r**3 + 4*r**2 + 6*r - 4. Let d be 222/15 + (-2)/(-10). Suppose 4*q - d = q. Let t be u(q). Calculate x(t).
-5
Let t be (-3)/(-12) + (-11)/(-4). Let f(i) = -i**2 - 4*i - 1. Let k be f(-3). Let g(h) = -2*h**2 - h**k - 2 + 2*h + t. What is g(-1)?
-4
Let l(i) = i**3 + i**2 - i - 1. Suppose 2*k + 22 = 5*m, 2*m + 33 = -3*k + m. Let a be 2/k + (-2)/(-11). Determine l(a).
-1
Let b(y) = -y**2 - 9*y + 2. Let z be b(-9). Let c(m) = m**3 - 2*m**2 - 4*m + 4. Let o be c(3). Let k(p) = o + 6*p**2 - 3*p**2 + p**z. Determine k(-1).
5
Let l(w) be the third derivative of 0 - 7*w**2 + 0*w + 1/120*w**6 + 1/2*w**3 - 1/8*w**4 + 1/15*w**5. Calculate l(-5).
-7
Let l(d) = -d + 3. Suppose -2*h = -h + 3*p + 3, 4*p + 4 = -4*h. Suppose 0 = m + a, h = m + m + 3*a + 3. Give l(m).
0
Let z(x) = -2*x**2 - 5*x + 1. Let s be 3/(-15) + 138/(-10). Let a(c) = -c + 1. Let h be a(7). Let l be s/3 + (-4)/h. Give z(l).
-11
Let k(s) = s**3 + 5*s**2 - s + 2. Let g(i) = i**2 - 14*i + 19. Let p be g(12). What is k(p)?
7
Let t(w) = w + w**3 + 7*w - 6*w - 3*w. Let l be 16/6 - 4/6. Give t(l).
6
Let z(y) = y**3 + 3*y**2 - y - 3. Suppose 0 = 4*v - 29 + 41. Determine z(v).
0
Let s be 2/(-7) + (-4)/(-14). Suppose j + 19 - 4 = s. Let c be 3/j - (-48)/(-10). Let h(z) = z**3 + 4*z**2 - 3*z + 4. What is h(c)?
-6
Let z(l) be the second derivative of -l**5/60 - 3*l**3/2 - l**2/2 + 2*l. Let y(o) be the first derivative of z(o). Determine y(0).
-9
Let g(b) = -b - 4. Suppose 3*c + 30 = -2*c. Calculate g(c).
2
Let l(k) = 2*k**3 + k**2 - k. Let w(i) = -i**3. Let d(q) = -l(q) + w(q). Suppose 2*n + n = 0. Suppose a + 2*f = 1, n*f + 2*f + 3 = 3*a. What is d(a)?
-3
Let q(n) be the second derivative of n**4/12 - n**3/6 + n**2/2 - 4*n. Suppose 0*i - 4*i = -20. Suppose -5*k - 15 = -0*u + i*u, 2*k = 2*u + 10. Calculate q(k).
1
Let x(q) = -q**3 - 5*q**2 - 5*q + 3. Suppose 0*d = -5*d - 20. Give x(d).
7
Let h(c) be the second derivative of c**5/20 + c**4/2 + c**3/6 + 4*c**2 + 8*c. Determine h(-6).
2
Let d be (1/(-4))/(9/(-108)). Let o(y) = 10*y - 14*y - 4 + 4 + d*y**2 + 2. What is o(2)?
6
Suppose -2*t = -4*t + 40. Let f = -26 + t. Let g(o) = -o**2 - 6*o - 2. Give g(f).
-2
Let c(a) = -a + 5. Let w(k) = k**2 - 5*k - 7. Let b be w(7). Determine c(b).
-2
Suppose 0 = 3*w - w + 2, -4*w - 59 = 5*d. Let g(b) = -2*b**3 + 10*b**2 - 2. Let z(t) = -t**3 + 5*t**2 - 1. Let i(o) = d*z(o) + 6*g(o). Give i(4).
15
Let m(u) be the third derivative of u**5/60 - u**4/8 + u**3/2 - u**2. Let b(o) = -o - 5. Let d be b(-7). Give m(d).
1
Let m(p) = -4 + 3*p + 4 - 5 + 2. Determine m(5).
12
Let q(t) be the second derivative of t**5/20 + 5*t**4/6 + 5*t**3/3 + 6*t**2 - 3*t. Let p be q(-9). Let d(g) = -g + 4. Calculate d(p).
1
Suppose 0 = -3*g + 13 + 5. Let m = g + -4. Let r(s) be the second derivative of s**3 - s**2 + s. What is r(m)?
10
Let f(w) be the first derivative of w**2/2 - 6*w + 5. Calculate f(0).
-6
Let j(h) = -2*h**2 - 9*h - 8. Let l(n) = -5*n**2 - 19*n - 16. Let t(o) = -7*j(o) + 3*l(o). What is t(6)?
8
Let u(a) be the second derivative of -1/3*a**3 + 0*a**2 - 1/3*a**4 + a - 1/120*a**5 + 0. Let q(x) be the second derivative of u(x). Calculate q(0).
-8
Let b(f) = -2*f - 3. Let l(k) = -k + 2. Let p be l(-5). Let m = p - 8. Let s(v) = v**3 - 2*v**2 - v. Let i be s(m). Calculate b(i).
1
Let q be (8 - (-100)/(-16))*2/7. Let o(p) be the first derivative of -2*p - 3 + q*p**2. Calculate o(4).
2
Let w(r) be the first derivative of r**4/4 + 2*r**3 + 5*r**2/2 + 1. Let n be (-1 + 14/8)*4. Suppose -4*x + 4 = -3*x - n*y, -4*x - 4*y - 32 = 0. Give w(x).
0
Let w(c) be the third derivative of 3*c**2 + 0*c + 1/2*c**3 - 1/24*c**4 + 0. What is w(-3)?
6
Let g(n) = n**3 - 4*n**2 + 4*n. Let a be g(3). Let j(k) be the second derivative of 1/6*k**a + 4*k - 3/2*k**2 + 0. What is j(0)?
-3
Let x(w) = -2*w**3 - 4*w**2 - 5*w - 4. Let d(j) = -3*j**3 - 4*j**2 - 5*j - 4. Let k(u) = -3*d(u) + 4*x(u). Let m(c) = -2*c - 19. Let a be m(-12). Give k(a).
-4
Let f(g) = g - 3. Let x be f(6). Let u(n) = 0*n**2 + 0*n**2 - n**2 - x*n - 2. Determine u(-4).
-6
Let y(a) = 5*a**2 - 2*a + 1. Suppose i + 3*c = -4, -4*i - 2*c - 20 = i. Let o(n) = -15*n**2 + 6*n - 3. Let r(t) = i*o(t) - 11*y(t). Give r(1).
4
Let o(a) be the second derivative of -a**3/2 - a**2 - 2*a. Determine o(5).
-17
Let c(x) = 3*x + 1. Let u(n) = 6*n + 55. Let f be u(-9). Give c(f).
4
Let h(j) = j. Let q(t) = -3*t + 35. Let w(f) = f - 12. Let p(n) = 3*q(n) + 8*w(n). Let o(s) = 3*h(s) + p(s). Calculate o(-7).
-5
Let d(l) = l**3 + 2*l**2. Let r(q) = 3*q**3 - q. Let z be r(-1). Let w be ((-4)/6)/(z/(-6)). Give d(w).
0
Let q = 2 - 0. Suppose -20 = -2*g - 5*t, 9 = q*g + 4*t - 7. Let h(r) = -2*r**2 + 0*r + g*r**2 - 4*r. Calculate h(-3).
-6
Let h(r) be the first derivative of r**3/3 - 9*r**2/2 + 5*r - 18. Determine h(8).
-3
Suppose -4*j + 2 = 3*d + 16, -3*j = 4*d + 14. Let s = d - -4. Let q(y) = -y**2 - y. Let k(x) = 9*x**2 + 2*x. Let o(h) = k(h) + 5*q(h). Give o(s).
10
Let r(m) be the third derivative of m**5/12 - m**4/24 + 16*m**2. Give r(1).
4
Let x(c) = c + 8. Let k be 2/(-2) + (9 - 13)